 4949 divide 1839320595?
True
Does 269 divide 595541241?
False
Is 505188149 a multiple of 59?
True
Is 257 a factor of 188515240?
False
Does 91 divide 34543509?
True
Is 13 a factor of 88467434?
False
Is 137469884 a multiple of 727?
True
Is 122 a factor of 4215215?
False
Is 17 a factor of 751592996?
False
Does 1603 divide 1102762929?
False
Is 39202930 a multiple of 65?
True
Is 59151448 a multiple of 3?
False
Is 753 a factor of 170587038?
False
Does 1646 divide 1148860242?
False
Does 51 divide 96688758?
True
Is 653853872 a multiple of 57?
False
Is 44914320 a multiple of 144?
True
Is 1217199 a multiple of 792?
False
Is 169 a factor of 57248750?
True
Is 116 a factor of 7321108?
True
Is 9 a factor of 182577312?
True
Is 36230740 a multiple of 34?
True
Is 3296072 a multiple of 76?
False
Is 19 a factor of 5924789?
True
Is 493071013 a multiple of 141?
False
Is 1477 a factor of 53117351?
True
Is 37586213 a multiple of 89?
True
Is 221119902 a multiple of 87?
False
Is 99516448 a multiple of 32?
True
Is 613 a factor of 23420278?
True
Does 349 divide 34512921?
False
Is 39 a factor of 6809478?
True
Does 357 divide 304093671?
True
Is 10 a factor of 5686125?
False
Is 62 a factor of 726321382?
True
Is 28952952 a multiple of 1416?
True
Is 107 a factor of 1623402?
False
Is 140294143 a multiple of 3?
False
Is 10959 a factor of 147201288?
True
Does 1536 divide 3314688?
True
Does 69 divide 256003248?
True
Does 254 divide 15066010?
True
Is 16 a factor of 957812688?
True
Does 22 divide 70966478?
True
Does 1931 divide 49997452?
True
Is 105 a factor of 174377824?
False
Does 37 divide 5960996?
True
Is 58517284 a multiple of 1123?
True
Is 464 a factor of 985687728?
True
Does 28 divide 144850048?
True
Is 178236045 a multiple of 9?
True
Does 51 divide 21307086?
True
Is 1420 a factor of 175252140?
True
Is 163579374 a multiple of 3906?
True
Is 68037909 a multiple of 327?
True
Does 2744 divide 200689450?
False
Is 528 a factor of 803566368?
True
Is 22 a factor of 953242356?
True
Is 198798460 a multiple of 20?
True
Does 62 divide 32794032?
True
Does 24 divide 1520798556?
False
Is 467883650 a multiple of 18?
False
Is 641960186 a multiple of 14?
True
Does 168 divide 84699822?
False
Does 79 divide 507507613?
True
Is 37292086 a multiple of 547?
False
Is 663880804 a multiple of 865?
False
Is 2711 a factor of 97088660?
False
Is 2998 a factor of 71388376?
True
Does 414 divide 257394584?
False
Does 191 divide 5829425?
False
Is 1027027339 a multiple of 13?
True
Does 66 divide 58793724?
True
Is 19 a factor of 57008169?
False
Is 228 a factor of 157654568?
False
Is 1811 a factor of 17992310?
False
Is 1196 a factor of 110863256?
False
Is 32 a factor of 297318368?
True
Is 49405800 a multiple of 68?
False
Does 971 divide 40669048?
False
Is 59207897 a multiple of 2519?
False
Is 6608 a factor of 1342844720?
True
Is 901 a factor of 11578667?
False
Does 1191 divide 34197183?
True
Is 1117 a factor of 8192072?
False
Is 40720762 a multiple of 1228?
False
Is 268824601 a multiple of 36?
False
Is 81099584 a multiple of 724?
True
Is 99018315 a multiple of 15?
True
Is 173712616 a multiple of 7?
True
Is 2056451141 a multiple of 7062?
False
Is 328823328 a multiple of 2?
True
Is 116 a factor of 2482993676?
False
Does 2779 divide 21976332?
True
Is 1638659271 a multiple of 3189?
False
Is 16 a factor of 199019696?
True
Does 17 divide 5980379?
True
Is 290883164 a multiple of 22?
True
Is 1613 a factor of 30408276?
True
Does 15 divide 109377645?
True
Does 802 divide 200806703?
False
Is 38765412 a multiple of 2538?
True
Is 613 a factor of 22932481?
False
Is 5 a factor of 42169014?
False
Is 268170750 a multiple of 4275?
True
Is 34 a factor of 515110812?
True
Is 198027134 a multiple of 100?
False
Does 72 divide 88592465?
False
Is 2196 a factor of 411477696?
True
Is 173 a factor of 91609036?
True
Is 592 a factor of 263666144?
True
Is 1148243278 a multiple of 26?
True
Is 25 a factor of 19834578?
False
Is 405071500 a multiple of 1732?
True
Does 7 divide 23198271?
False
Is 2009900704 a multiple of 1526?
True
Is 2 a factor of 17494599?
False
Is 174198331 a multiple of 4?
False
Does 12 divide 76862884?
False
Is 160860439 a multiple of 315?
False
Is 81 a factor of 2368181796?
False
Is 116 a factor of 52979868?
True
Is 936538000 a multiple of 3152?
True
Is 27987323 a multiple of 3?
False
Does 11 divide 34296592?
True
Does 8 divide 435859668?
False
Is 54755256 a multiple of 116?
False
Is 20 a factor of 60253100?
True
Does 30 divide 40394438?
False
Is 55945806 a multiple of 107?
True
Is 30712049 a multiple of 288?
False
Does 24 divide 22829064?
True
Is 15 a factor of 178600930?
False
Is 54008213 a multiple of 61?
False
Is 1015939838 a multiple of 277?
False
Does 1029 divide 47716166?
False
Is 104 a factor of 9162031?
False
Is 15 a factor of 295250475?
True
Does 67 divide 68348107?
True
Is 116 a factor of 397068761?
False
Is 22 a factor of 423945462?
False
Is 55579446 even?
True
Is 1336179192 a multiple of 241?
True
Does 1522 divide 279194158?
True
Is 859978164 a multiple of 89?
True
Does 64 divide 5916672?
True
Is 2008999586 a multiple of 313?
False
Is 800 a factor of 86177072?
False
Does 80 divide 6027722?
False
Does 986 divide 54489318?
True
Does 3 divide 541083?
True
Is 20 a factor of 71996322?
False
Does 5 divide 714545909?
False
Does 5 divide 158496667?
False
Does 28 divide 222962649?
False
Does 628 divide 922063533?
False
Does 72 divide 254006856?
True
Is 622530480 a multiple of 2910?
True
Is 146352897 a multiple of 8?
False
Does 1823 divide 43845685?
False
Is 3876 a factor of 3167327664?
True
Is 1255 a factor of 119246620?
False
Does 4205 divide 1221089950?
True
Does 700 divide 62221040?
False
Does 78 divide 29075124?
True
Is 60 a factor of 4536900?
True
Does 821 divide 717888172?
False
Is 3818366325 a multiple of 483?
False
Is 16 a factor of 102906848?
True
Is 1185184 a multiple of 8?
True
Is 18 a factor of 5062995360?
True
Is 7 a factor of 34586935?
False
Is 16 a factor of 15718801?
False
Is 1416 a factor of 66911664?
True
Does 32 divide 55994496?
True
Is 132803479 a multiple of 7?
False
Is 541 a factor of 1559703?
True
Is 1853092962 a multiple of 63?
True
Does 62 divide 708852642?
False
Is 5 a factor of 144377435?
True
Does 4056 divide 4317717456?
True
Is 2 a factor of 167001182?
True
Does 7 divide 1518244?
True
Is 244 a factor of 14678552?
True
Is 60 a factor of 714925500?
True
Is 31 a factor of 128297158?
True
Is 341389958 a multiple of 4459?
True
Is 349 a factor of 140968231?
False
Does 14 divide 171536929?
False
Is 27551062 a multiple of 22?
True
Is 59 a factor of 395042524?
True
Is 36602417 a multiple of 80?
False
Is 2468632275 a multiple of 531?
True
Does 97 divide 31703092?
True
Is 13981437 a multiple of 12?
False
Does 44 divide 8405361404?
True
Is 10 a factor of 9190760?
True
Does 14 divide 3994125881?
False
Is 48 a factor of 16029504?
True
Does 3 divide 69093364?
False
Does 418 divide 300224046?
False
Is 21222894 a multiple of 21?
True
Is 27 a factor of 853514145?
True
Is 398626545 a multiple of 4668?
False
Is 304 a factor of 59270164?
False
Is 700270200 a multiple of 75?
True
Is 79 a factor of 1409997?
False
Is 7 a factor of 107195880?
False
Does 21 divide 3895122?
True
Is 29877195 a multiple of 235?
True
Is 596198934 a multiple of 27?
True
Is 649889968 a multiple of 85?
False
Is 1705485952 a multiple of 3817?
False
Is 49 a factor of 93019996?
False
Is 644058573 a multiple of 726?
False
Is 32269624 a multiple of 343?
False
Is 22 a factor of 14877104?
True
Is 2079060197 a multiple of 26?
False
Is 7765993 a multiple of 88?
False
Is 1456565000 a multiple of 746?
True
Does 12 divide 1702423?
False
Does 157 divide 256277223?
True
Is 800719384 a multiple of 1540?
False
Is 727 a factor of 12303021?
True
Is 6 a factor of 17646792?
True
Does 1255 divide 76454632?
False
Does 4 divide 71831676?
True
Is 1959160819 a multiple of 27?
False
Is 54999286 a multiple of 41?
True
Is 1293 a factor of 15371184?
True
Is 117759315 a multiple of 128?
False
Does 103 divide 10623317?
True
Does 42 divide 68258243?
False
Is 8474339 a multiple of 130?
False
Does 65 divide 38603524?
False
Does 899 divide 15656984?
True
Is 87888762 a multiple of 9?
True
Is 35904332 a multiple of 118?
True
Is 2208 a factor of 45178443?
False
Does 6 div